a) = 3*a - 5. Let i be k(4). Calculate the highest common factor of i and 63.
7
Suppose o - 6 = -3. Suppose 72 = o*y - 2*y. Let s be -1 + (-1 - 0)*-10. Calculate the highest common factor of y and s.
9
Suppose 8 = h + 2*j, -5*h - 9*j = -6*j - 19. Let l be 2/(-9) - (-20)/9. What is the highest common factor of h and l?
2
Let y(f) be the first derivative of f**2/2 + 32*f - 7. Let t be y(-14). Let u = -5 + t. What is the greatest common factor of 65 and u?
13
Let n(t) = 3*t + 19. Let s be n(12). What is the greatest common factor of 5 and s?
5
Let u be ((-36)/5)/((-3)/10). Let j be 3/(-2)*(-2)/3. Let n be (1/(-1) - j - -269) + -3. What is the greatest common factor of u and n?
24
Let c be (-34)/(-8) + 6 + (-25)/4. Suppose 0*p = -2*o + p + 4, -o - c*p + 2 = 0. Suppose -w = -6*w + 70. Calculate the greatest common factor of w and o.
2
Suppose 3*y + 2*f = f + 17, y + 5 = 5*f. Suppose -y*s + 56 = -69. Let g = 334 - 184. Calculate the greatest common factor of s and g.
25
Let a(r) = r**2 + 6*r + 11. Let m be a(10). Suppose 0 = 3*y - 0 - m. Let o = y - 29. What is the highest common factor of 42 and o?
14
Let k(f) = f**2 - 4*f - 7. Let a be k(6). Let m = 271 - 126. Suppose -z = -2*x - 50, 2*z = 5*z - a*x - m. What is the highest common divisor of z and 8?
8
Let b = 0 + 6. Suppose 2*l - b*l + 144 = 0. Let j(v) = -v + 3. Let k be j(-1). Calculate the greatest common factor of k and l.
4
Suppose 6*h - 20 + 290 = 0. Let d = 189 + h. What is the highest common factor of d and 18?
18
Let z be -6 - 965/(-65) - (-10)/65. What is the greatest common factor of 1458 and z?
9
Let f = -749 - -1609. Calculate the greatest common divisor of 43 and f.
43
Suppose -1 - 9 = -2*t. Suppose 0 = t*u - 6*u + 28. Let r be (6 - 3)*7/3. What is the greatest common divisor of u and r?
7
Suppose -4*p + 3*a = 5, 3*p - 2*a + 1 = -2. Let z = 7 + p. Suppose -z*i + 3*i = -40. What is the highest common divisor of i and 1?
1
Suppose -12*i + 59*i - 1175 = 0. What is the greatest common divisor of 20 and i?
5
Let a(g) = 2*g**2 - 13*g + 28. Let s be a(6). Calculate the greatest common divisor of 198 and s.
22
Let l be ((-22)/5)/(((-6)/15)/1). What is the highest common divisor of 88 and l?
11
Suppose 5*l - 6 = -4*n - 67, 5*n + 40 = l. Let c be n/3 - (9 + -24). Calculate the greatest common divisor of c and 108.
12
Suppose -12 + 124 = 2*o. What is the highest common factor of o and 196?
28
Let n be 21/12 - 1/(-4). Suppose -39 - 51 = -n*p. Let v be (-27)/(-3 + 6)*-1. Calculate the greatest common divisor of p and v.
9
Let g(o) = o + 93. Let r be g(-46). Calculate the highest common factor of r and 1504.
47
Suppose 0 = -29*t + 33*t. Let i be (12/1)/(-1 - t). Let h be (-87)/(-4) + 9/i. What is the highest common factor of 7 and h?
7
Let z = -125 - -55. Let u = 109 + z. Calculate the highest common factor of u and 26.
13
Suppose -7*h + 9 = -6*h. Suppose 8*y = h*y - 2. Calculate the highest common factor of 3 and y.
1
Let x(r) = 2*r + 22. Let g be x(-10). Suppose 0*k + g*k + 160 = 2*d, 2*d - 180 = -3*k. What is the greatest common factor of d and 12?
12
Suppose 3*j - 235 = 170. Let n be 63/(-3)*1 + (-15)/(-5). Let k be 2 + (-2 - n) - 3. Calculate the highest common factor of k and j.
15
Suppose 5*w + 4*m = -0*w + 110, m - 5 = 0. Let p be (9/(108/368))/((-4)/(-6)). Suppose -p*h + 51*h = 60. What is the highest common divisor of h and w?
6
Let v(d) = 4*d**2. Let l be v(1). Suppose l*a = -85 + 17. Let s = 10 - a. Calculate the highest common divisor of s and 3.
3
Let p = 150 - 88. Let a = p - -33. What is the greatest common factor of a and 19?
19
Suppose 4*a - 2*d = 28, 3*a + 3*d = d + 14. Let o be a/(-21) + 1516/14. Let k be 4/3*o/2. What is the greatest common factor of k and 8?
8
Let x = -3 + 20. What is the highest common divisor of 187 and x?
17
Suppose 0 = 5*k - 3*o - 98 - 31, -3*k = -2*o - 78. Suppose k - 18 = 3*q. What is the greatest common divisor of q and 16?
2
Let f(n) = 2*n**2 - 33*n - 7. Let h be f(19). Let i(g) = g**2 + 4*g - 4. Let z = -21 + 15. Let m be i(z). What is the greatest common factor of m and h?
8
Let g(p) = p**3 - 9*p**2 + 9*p + 6. Let y be g(8). Let u be -4 + (1 - y/(-1)). Let b = u - 10. What is the greatest common divisor of 7 and b?
1
Let t be 28/126 + 356/18. Suppose -4*d + t = 0, -2*d = 4*f - 6*d - 412. Calculate the highest common divisor of 12 and f.
12
Suppose 0 = 8*c + 4*c - 4224. Calculate the highest common divisor of 88 and c.
88
Let h(n) = 3*n**2 - 99*n + 19. Let m be h(33). Calculate the highest common divisor of 361 and m.
19
Let o(v) = -2*v**2 + 7*v + 17. Let m be o(-2). Let l be ((3 + m)*35)/(-2). What is the highest common factor of 385 and l?
35
Let p(f) = f**2 + 1 + 0 + 7*f + 2*f - 5*f. Let a be p(-6). Calculate the greatest common factor of a and 169.
13
Let d be (-45087)/(-475) + 4/50. Calculate the greatest common divisor of 114 and d.
19
Let n = -7 - 8. Let g be (-4 - 1)*6/n. Calculate the greatest common factor of g and 4.
2
Let l be (-1 - -2)/(1/346). Let b(x) = -x**3 - x**2 + 156*x + 4. Let q be b(12). Suppose -66 + l = q*s. Calculate the highest common factor of s and 14.
14
Let w(z) = 2*z**2 + 7*z + 11. Let i = 4 - 8. Let a be w(i). What is the highest common divisor of a and 60?
15
Suppose 4*g - 120 = -g. Suppose -15*t = -12*t - 576. Calculate the greatest common divisor of t and g.
24
Let m = -142 + 179. What is the highest common factor of 111 and m?
37
Let a(i) = i**3 - 3*i**2 - 4*i - 5. Let h be a(5). Let z = 57 - 37. Suppose -2*g = b - z, -b - b + 15 = -g. Calculate the greatest common divisor of h and b.
5
Let r = 51 - 47. Calculate the highest common divisor of r and 76.
4
Let n(r) = -r**3 - 3*r**2 + 28*r + 29. Let x be n(-7). Calculate the highest common divisor of x and 87.
29
Let o be 5/(840/93 + -9). Calculate the greatest common factor of 248 and o.
31
Let p(y) = 4*y**2 - 18*y**2 + 11*y**2 + 2*y + y**3 - 4. Let x be p(3). Calculate the greatest common divisor of x and 22.
2
Let z(v) = 2*v**2 - 16*v + 26. Suppose -2*p - r + 18 = 0, -3*r - 27 = -3*p - 2*r. Let t be z(p). What is the greatest common divisor of 110 and t?
22
Let v be -1 + (1 - 13) + -5. Let d(a) = -3*a - 12. Let y be d(v). Calculate the greatest common divisor of y and 105.
21
Suppose -6*w + 78 + 90 = 0. Calculate the highest common divisor of w and 28.
28
Let b = -26 + 39. Let x = 31 + 203. Suppose -2*d = -0*d - x. What is the highest common divisor of d and b?
13
Suppose 0 = 2*n + s - 809, 4*n + s + 111 = 1730. Calculate the highest common divisor of 45 and n.
45
Suppose 2*o + 74 = j, -2*j - 5*o - 32 = -135. Calculate the greatest common divisor of j and 16.
16
Suppose 0*v = 3*v - 102. Let q(f) = -f**2 - 12*f - 9. Let m be q(-13). Let u = m + v. What is the greatest common factor of u and 8?
4
Suppose 0 = 8*l - 101 - 699. Let g(m) = -2*m**3 + 2*m**2 - 2*m - 3. Let w be g(-2). What is the greatest common factor of l and w?
25
Suppose -58 = -4*m - 2*s, m - 29 = -5*s - 1. Suppose 4*k + m + 19 = 0. Let p be 4/(k/(-38)) - -1. What is the greatest common factor of p and 50?
10
Suppose 2*w + 0*y - 483 = y, 2*w + y - 485 = 0. Suppose 1776 - 1512 = 12*h. What is the highest common divisor of h and w?
22
Let a(h) = h + 4. Let n be a(-2). Let k be (1 - -15)*1/n. Suppose k*q = 12*q - 104. Calculate the greatest common divisor of q and 39.
13
Let j = 83 - -21. Calculate the highest common factor of 130 and j.
26
Suppose 4*b = -3*f + 35, b = f + 2*f - 10. Suppose 0 = -f*l + 5*a + 98 + 42, -a = 0. What is the greatest common divisor of 7 and l?
7
Let d = -88 + 84. Let l be (96/(-40))/(d/70). What is the greatest common divisor of l and 56?
14
Let n be (-7)/(-56) + 1838/16. What is the greatest common factor of n and 15?
5
Suppose 2*m - n - 323 = 1475, -m = 2*n - 904. Suppose 0 = -21*k + 25*k - m. What is the highest common divisor of k and 25?
25
Let d(x) = x**3 + 12*x**2 - 19*x + 36. Let a be d(-8). What is the greatest common factor of a and 108?
12
Let y be (-2 - -4) + 16 + 0. Suppose 0 = s - y - 87. Let a = 64 + -22. Calculate the greatest common divisor of s and a.
21
Let w(z) = z**3 - 4*z**2 - z + 12. Let a be w(4). Let c = -16 + 40. What is the greatest common divisor of a and c?
8
Let m be (72/48)/((-2)/(-4)). Suppose -m*l - l = 28. Let h = 7 - l. What is the great